{"id":1042,"date":"2024-04-24T11:40:25","date_gmt":"2024-04-24T14:40:25","guid":{"rendered":"https:\/\/mercadodelage.com\/carro\/"},"modified":"2025-09-24T05:04:10","modified_gmt":"2025-09-24T08:04:10","slug":"carro","status":"publish","type":"page","link":"https:\/\/mercadodelage.com\/en\/carro\/","title":{"rendered":"Carrito"},"content":{"rendered":"<div data-elementor-type=\"wp-page\" data-elementor-id=\"1042\" class=\"elementor elementor-1042\" data-elementor-post-type=\"page\">\n\t\t\t\t<div class=\"elementor-element elementor-element-09d1d72 e-con-full e-flex e-con e-parent\" data-id=\"09d1d72\" data-element_type=\"container\">\n\t\t<div class=\"elementor-element elementor-element-d26456c e-flex e-con-boxed e-con e-child\" data-id=\"d26456c\" data-element_type=\"container\">\n\t\t\t\t\t<div class=\"e-con-inner\">\n\t\t\t\t<div class=\"elementor-element elementor-element-72ddea3 elementor-widget elementor-widget-text-editor\" data-id=\"72ddea3\" data-element_type=\"widget\" data-widget_type=\"text-editor.default\">\n\t\t\t\t<div class=\"elementor-widget-container\">\n\t\t\t<style>\/*! elementor - v3.22.0 - 26-06-2024 *\/\n.elementor-widget-text-editor.elementor-drop-cap-view-stacked .elementor-drop-cap{background-color:#69727d;color:#fff}.elementor-widget-text-editor.elementor-drop-cap-view-framed .elementor-drop-cap{color:#69727d;border:3px solid;background-color:transparent}.elementor-widget-text-editor:not(.elementor-drop-cap-view-default) .elementor-drop-cap{margin-top:8px}.elementor-widget-text-editor:not(.elementor-drop-cap-view-default) .elementor-drop-cap-letter{width:1em;height:1em}.elementor-widget-text-editor .elementor-drop-cap{float:left;text-align:center;line-height:1;font-size:50px}.elementor-widget-text-editor .elementor-drop-cap-letter{display:inline-block}<\/style>\t\t\t\t<p>Realizamos<strong> env\u00edos a todo el pa\u00eds <\/strong>pero, por motivos de log\u00edstica, las compras se despachan <b>el \u00faltimo d\u00eda&nbsp;de cada mes<\/b> por Correo Argentino y se toman las compras realizadas <strong>hasta el d\u00eda 15<\/strong>. Lamentamos las molestias ocasionadas y agradecemos su comprensi\u00f3n mientras trabajamos para optimizar esta situaci\u00f3n.<\/p><p>Recordamos que aquellos productos que son artesan\u00edas producidas a mano pueden demorar un poco m\u00e1s, como bien lo aclaran sus descripciones.<\/p>\t\t\t\t\t\t<\/div>\n\t\t\t\t<\/div>\n\t\t\t\t\t<\/div>\n\t\t\t\t<\/div>\n\t\t\t\t<\/div>\n\t\t\t\t<\/div>","protected":false},"excerpt":{"rendered":"","protected":false},"author":1,"featured_media":0,"parent":0,"menu_order":0,"comment_status":"closed","ping_status":"closed","template":"","meta":{"footnotes":""},"jetpack_sharing_enabled":true,"_links":{"self":[{"href":"https:\/\/mercadodelage.com\/en\/wp-json\/wp\/v2\/pages\/1042"}],"collection":[{"href":"https:\/\/mercadodelage.com\/en\/wp-json\/wp\/v2\/pages"}],"about":[{"href":"https:\/\/mercadodelage.com\/en\/wp-json\/wp\/v2\/types\/page"}],"author":[{"embeddable":true,"href":"https:\/\/mercadodelage.com\/en\/wp-json\/wp\/v2\/users\/1"}],"replies":[{"embeddable":true,"href":"https:\/\/mercadodelage.com\/en\/wp-json\/wp\/v2\/comments?post=1042"}],"version-history":[{"count":40,"href":"https:\/\/mercadodelage.com\/en\/wp-json\/wp\/v2\/pages\/1042\/revisions"}],"predecessor-version":[{"id":2098,"href":"https:\/\/mercadodelage.com\/en\/wp-json\/wp\/v2\/pages\/1042\/revisions\/2098"}],"wp:attachment":[{"href":"https:\/\/mercadodelage.com\/en\/wp-json\/wp\/v2\/media?parent=1042"}],"curies":[{"name":"wp","href":"https:\/\/api.w.org\/{rel}","templated":true}]}}

<div data-elementor-type="wp-page" data-elementor-id="1042" class="elementor elementor-1042" data-elementor-post-type="page">
				<div class="elementor-element elementor-element-09d1d72 e-con-full e-flex e-con e-parent" data-id="09d1d72" data-element_type="container">
		<div class="elementor-element elementor-element-d26456c e-flex e-con-boxed e-con e-child" data-id="d26456c" data-element_type="container">
					<div class="e-con-inner">
				<div class="elementor-element elementor-element-72ddea3 elementor-widget elementor-widget-text-editor" data-id="72ddea3" data-element_type="widget" data-widget_type="text-editor.default">
				<div class="elementor-widget-container">
			<style>/*! elementor - v3.22.0 - 26-06-2024 */
.elementor-widget-text-editor.elementor-drop-cap-view-stacked .elementor-drop-cap{background-color:#69727d;color:#fff}.elementor-widget-text-editor.elementor-drop-cap-view-framed .elementor-drop-cap{color:#69727d;border:3px solid;background-color:transparent}.elementor-widget-text-editor:not(.elementor-drop-cap-view-default) .elementor-drop-cap{margin-top:8px}.elementor-widget-text-editor:not(.elementor-drop-cap-view-default) .elementor-drop-cap-letter{width:1em;height:1em}.elementor-widget-text-editor .elementor-drop-cap{float:left;text-align:center;line-height:1;font-size:50px}.elementor-widget-text-editor .elementor-drop-cap-letter{display:inline-block}</style>				<p>Realizamos<strong> envíos a todo el país </strong>pero, por motivos de logística, las compras se despachan <b>el último día&nbsp;de cada mes</b> por Correo Argentino y se toman las compras realizadas <strong>hasta el día 15</strong>. Lamentamos las molestias ocasionadas y agradecemos su comprensión mientras trabajamos para optimizar esta situación.</p><p>Recordamos que aquellos productos que son artesanías producidas a mano pueden demorar un poco más, como bien lo aclaran sus descripciones.</p>						</div>
				</div>
					</div>
				</div>
				</div>
				</div>
